luate (-2 - (-8 + 3)) + -10.
-7
Calculate 21 - 17 - (1 - 4 - -3).
4
Calculate 3 + (5 - (7 + 6)).
-5
38 - 33 - (8 - 0)
-3
What is -5 + (-9 - (-30 + 7))?
9
Evaluate 3 + -2 - (1 - (-11 + 5)).
-6
What is -1 - 1 - ((3 - -1) + -5)?
-1
Evaluate 0 - (-11 + 7) - 1.
3
Evaluate -1 - (-8 + 4 + 0 - -7).
-4
Calculate (0 - 7 - -2) + 8.
3
Calculate 2 + (-2 - 1) + 1.
0
What is -7 + (1 - 1) + 2 - 1?
-6
Evaluate (8 + -4 - 5) + (0 - -4).
3
Calculate -10 + (22 - (8 - -1)).
3
Evaluate 21 - 26 - (-2 - (0 - -3)).
0
(-4 - (-15 - -3)) + -5
3
What is 5 + -21 + 10 - -7?
1
What is the value of 1 + (2 - -4 - -2) + -4?
5
What is the value of 5 - (8 - 6) - -1?
4
Calculate (2 + -6 - -10) + -11.
-5
What is 5 - (-3 + (0 - -5))?
3
1 - (6 - (7 + -1 + 2))
3
Evaluate 6 + -1 + -3 - (1 - -3).
-2
What is -3 + 0 + (13 + -1 - 7)?
2
Calculate 5 - (14 + -3) - -7.
1
5 + (0 - 3) - (-1 + 0)
3
What is (3 - (2 - -2)) + -2 - -7?
4
Evaluate (14 + -20 - 5) + 11.
0
9 - (26 + -14) - (-2 + 1)
-2
What is the value of 8 - 18 - -9 - (-6 - -1)?
4
What is the value of 1 - (-1 - (1 + -1))?
2
What is 3 + (2 - 0) + (-2 - 6)?
-3
What is the value of -1 - (-4 + (9 - 7))?
1
(12 - 16) + 0 + 8
4
Evaluate 3 - 5 - 0 - (3 + -2).
-3
What is the value of 1 - -1 - (61 - 65)?
6
7 - 6 - (3 + -4)
2
What is 86 + -70 + (-8 - 0)?
8
Evaluate 1 + 1 + -2 + -7 + 8.
1
Calculate -4 - (-3 - (14 - 9)).
4
(-3 - -11) + -3 + -1 - 4
0
Evaluate (1 - (1 - (-2 - -4))) + 4.
6
-4 + 4 + (7 - 3 - -1)
5
1 + (-1 + 2 - -3 - 6)
-1
Evaluate 7 + (2 - 1) - 10.
-2
What is 4 + -5 + (-7 - -4 - 0)?
-4
What is -3 + (-4 - (4 - 16))?
5
4 + -1 + -6 + 6
3
Calculate -6 - (15 + -19 - (1 - 0)).
-1
-5 - (-1 + (-3 - -7))
-8
(4 - 8) + 7 - (3 - 1)
1
Evaluate 7 + -15 + 1 + 6.
-1
What is the value of 2 + 0 - (4 + (-8 - -2))?
4
Evaluate 1 + (1 - -2 - (25 + -16)).
-5
-7 + 3 + 0 + 5 + 0
1
0 + (1 + -1 - (16 - 14))
-2
(9 - 6) + 4 - 12
-5
Calculate 2 - 5 - (-10 - -20 - 11).
-2
Calculate (-4 - -4) + 1 - 10 - -4.
-5
-3 + 2 - -1 - (-6 + 10)
-4
What is the value of (-1 - -1 - 1) + -1?
-2
What is (-9 - -1) + (1 - (13 - 11))?
-9
What is -3 + 0 - (-44 - -41)?
0
Calculate (1 - 5) + (-78 - -78).
-4
What is the value of (-2 - (-3 - 0)) + 1 + -3?
-1
(-5 - -6 - 6) + 0
-5
Calculate -6 + (1 - 6) - -3.
-8
What is the value of -1 + (-8 - -14) + -6?
-1
What is the value of 1 + -11 + 21 + -17?
-6
-3 + -4 + 10 + 6
9
What is 2 + -5 + 1 - (-6 + 6)?
-2
What is the value of (3 - (7 + -2)) + (-1 - -9)?
6
What is the value of (3 - 4) + -8 + 8?
-1
Calculate -9 + (14 + -5 - 2).
-2
-2 - -2 - (3 - (3 - -2))
2
Evaluate 3 + -2 + 3 + -16 + 11.
-1
What is -9 - (1 + -8) - (-1 - -1)?
-2
9 - 10 - 6 - -5
-2
Evaluate 9 + -11 - (1 - 3 - -3).
-3
What is the value of -1 + 1 + 4 - 2?
2
Calculate (-1 - (2 - -2)) + 3.
-2
Calculate 0 - 1 - (-5 - -12 - 4).
-4
What is -2 - 1 - (-3 - -5)?
-5
4 + (-4 - -4) + -4 + 2
2
-5 - (-1 + -4 + (0 - 3))
3
-4 + -2 + 2 - (-99 - -90)
5
Calculate 25 + -19 - (3 - 4).
7
What is -5 + 0 - (25 + -31) - 5?
-4
Calculate -23 - -28 - (1 - -1).
3
0 - -4 - (7 + -6) - -1
4
What is (0 - (2 - (-1 + -1))) + 8?
4
Calculate 6 + 7 + -7 - (-2 + 10).
-2
-12 - (-15 - -9) - -9
3
Calculate -1 + 3 - (-16 + (1 - -11)).
6
2 - ((2 - 2) + 2)
0
Evaluate (-8 - -1) + 72 + -67.
-2
4 + (2 + -4 - -2) + -6
-2
Evaluate -10 - -7 - (0 + (2 - 2)).
-3
What is 3 + (0 - (-1 + 4)) + -4?
-4
Evaluate 8 - (-4 - -18 - 8).
2
What is the value of 4 + (-6 - -5) - 5?
-2
(7 + -6 - 7) + 3
-3
What is 1 + 0 - (-6 - (-10 + 2))?
-1
-1 - 0 - (-14 - -8)
5
(0 - -3) + (-2 - 5) - 1
-5
What is (0 - 1) + -16 + 23 + -5?
1
What is 3 + 13 + -12 + (-1 - -1)?
4
Calculate -6 - -1 - ((12 - 22) + -1).
6
What is the value of -2 - (0 + 6 + -1 + -4)?
-3
Calculate -1 - (-3 + 2 + (-3 - -1)).
2
2 - (-1 + -3 + -3 - -4)
5
What is the value of 1 + -4 + (-8 - -9)?
-2
Evaluate (4 + -14 - -5) + -2 + 4.
-3
What is the value of -1 - -2 - (9 - (3 + 9))?
4
Calculate 0 - (4 - -1) - 1.
-6
(-4 - (-2 + 0)) + -1
-3
-10 - (2 - (11 + -3))
-4
Evaluate 2 - 2 - (-6 + 8).
-2
What is 7 + 1 - (2 - -3 - 1)?
4
4 - (-2 + -3 - -7)
2
Calculate 0 - 4 - (-5 + -1).
2
What is 13 - (6 + -2 + 1)?
8
What is 3 + 3 + -3 + -2 + -4?
-3
1 + -3 + 2 + 2 - 5
-3
What is -1 + 3 + 2 + (6 - 9)?
1
What is 2 + -4 + 2 + 0 + -2?
-2
What is the value of (-7 - (0 + -6)) + (1 - 0)?
0
What is (-3 - (-2 + 1)) + (-6 - -5)?
-3
-6 + 0 + -5 + 8
-3
What is -3 - (-9 - (-5 + 6 + -1))?
6
What is (-1 - (9 - 12)) + (-6 - 2)?
-6
-4 - (-3 - (7 + -5))
1
Calculate -4 + 0 - (37 - 50).
9
What is the value of -6 + 1 + -1 + 3 + 6?
3
Evaluate -1 - 4 - ((-1 - 3) + -6).
5
Calculate (-8 - -4 - -5) + -1 + -1.
-1
What is 0 - (-10 - -6) - (6 - 2)?
0
What is the value of -6 + 0 - -4 - -2?
0
Evaluate -9 + -2 + 16 + -9.
-4
What is the value of -50 - -40 - (-1 + -4)?
-5
What is -6 - (-4 + 4 + -4 + 1)?
-3
Calculate (-1 - (5 - 14)) + (3 - 6).
5
Calculate (1 - -4 - -4) + -1 + -1.
7
Evaluate (-13 - (4 - 15)) + -1.
-3
Evaluate (-5 + 7 - -1) + -4.
-1
Evaluate -1 - (5 + (0 - (-3 + 6))).
-3
Evaluate (7 - (-6 + 11)) + -7 + 11.
6
Calculate 6 - 0 - (50 - 44).
0
Evaluate -4 + 6 + 1 + -2.
1
Calculate -96 + 102 + (-6 - 1) - 3.
-4
What is -1 + 2 + 4 + (29 - 30)?
4
What is 2 - (9 + (-5 - -1))?
-3
What is the value of (-2 - (-4 - 2)) + 2 + 1?
7
What is the value of 9 - 1 - (-13 - (5 + -23))?
3
What is -1 + -11 - (46 + -65)?
7
6 + (-11 - (-11 + 4))
2
Evaluate 8 - 12 - -15 - 12.
-1
Calculate 0 - -3 - (2 + 1).
0
Calculate (10 - (12 + -10)) + (0 - 6).
2
What is 9 + -9 + 5 + -1?
4
Calculate 3 + (5 - 11 - 3).
-6
Evaluate -1 + (-8 - -15) + -9 + 0.
-3
What is 3 - (10 + 0 + -5)?
-2
What is the value of 38 + -42 + -2 + 2?
-4
What is the value of -3 - (12 + -7 + (-11 - 2))?
5
What is (-4 - (3 + -2)) + -1 + 5?
-1
Calculate -1 + (4 - -13 - 8).
8
What is the value of 3 + (-1 - 2) + (1 - 4)?
-3
What is -16 - (-11 - 4) - (-7 + -1)?
7
Calculate 2 - 0 - 8 - (-1 - 2).
-3
Calculate -5 + (5 - (-12 - (5 - 9))).
8
(-4 - -6) + -3 - (-2 - -3)
-2
Calculate -1 + 3 + -4 + 0 - 0.
-2
What is the value of -1 - ((-4 - -4) + -6)?
5
What is the value of -1 + 5 + (2 - 4) + -4?
-2
Calculate 2 + 8 + -3 + 1 + -4.
4
-2 + (7 - -3) + -8
0
Calculate 1 - (11 - (-1 + 5)) - -1.
-5
What is the value of 2 + -1 + -34 + 34?
1
Calculate 0 + (4 - (2 - -4) - 0).
-2
What is 25 + -28 + -1 - (1 - 0)?
-5
What is -7 + (-4 - (-4 - 0)) + 4?
-3
What is the value of -4 - (-9 - (-7 + 4))?
2
Calculate (-84 - -76) + (2 - -12).
6
-6 - -5 - (5 + -14)
8
Calculate -6 - ((-2 - 6) + 4 - 3).
1
Evaluate 5 - (10 - (-6 + 11)).
0
Evaluate 7 + 4 + -1 + -7.
3
Calculate (0 - -4) + (15 - 23).
-4
(-15 - -6) + 8 + 1 + 6
6
What is the value of 3 + -1 - (-4 - -3 - -9)?
-6
What is -3 + (0 - -3) + -3?
-3
Evaluate 7 + (1 - 1 - 5).
2
Calculate -2 + (-4 + -3 - -14).
5
What is -15 - -14 - (-2 + 1)?
0
What is 7 + -5 + -3 + 5?
4
Calculate 12 - (3 - (7 - 7)) - 6.
3
(0 - -1) + -22 + 19 - -11
9
5 - 1 - (-4 - -11 - 5)
2
What is -1 + 0 + (-16 - -12) + 9?
4
What is the value of 2 + (-12 - (-6 - -2)) + 1?
-5
0 + -1 + -1 + -1 + 2
-1
4 - (3 - 2) - (0 - 0)
3
What is the value of -1 - 4 - (-2 - 0) - -3?
0
What is the value of 1 + (3 + -1 + 1 - 3)?
1
What is the value of 8 + -1 + (-1 - (0 + 2))?
4
-2 + 6 + -5 - 1 - -5
3
Evaluate 1 + (2 + -5 - 2) - 4.
-8
Calculate 0 + (4 - 0) - 5.
-1
Evaluate -3 + (7 - 0 - 2 - -2).
4
Calculate (-1 - -7) + (3 - 6).
3
What is (9 - 0) + -23 + 17?
3
Calculate -7 + 5 + (1 - 3) - -6.
2
What is the value of 4 - (-7 + (-1 - -11) + -4)?
5
1 - (-4 + 4 + 5 + -5)
1
-4 + (0 - -5) + -2
-1
Evaluate (2 - 3) + -6 - -5.
-2
Calculate 4 + -8 - -6 - -2.
4
Evaluate 5 + (-6 - (0 - (1 + 5))).
5
Calculate -11 - (-2 + -5 - 6).
2
What is -2 + (4 + -2 - -1) + -5?
-4
-65 - -72 - (3 - 1)
5
Evaluate 1 - (3 - (0 + 2 - 1)).
-1
Calculate (4 - 2) + -7 + 8.
3
Evaluate -3 + (0 + -3 + 7 - 0).
1
What is -1 + (8 - 3) + -1?
3
What is -13 + (8 - 2) + 0?
-7
Evaluate 6 + (2 + 4 - 19).
-7
What is the value of (11 - (-1 - (0 + -5))) + -4?
3
What is (3 - 3) + -3 + 4 + -7?
-6
1 + -5 + (5 - 3)
-2
What is -5 + (4 - 1 - 2)?
-4
What is (6 - 3) + (-8 - -4)?
-1
What is 3 + 1 + -8 + 0 - 0?
-4
1 + 0 + -9 + -178 + 177
-9
What is -2 + 10 - (22 + -17)?
3
What is the value of -3 + 2 + (-2 - (-2 + 3))?
-4
What is the value of 4 - 4 - (-3 - -1)?
2
-18 + 14 - (1 + -1)
-4
7 + -3 + -5 + 0 + -1
-2
Calculate -8 - (7 + -1 + 3 + -18).
1
(-4 - -1 - (2 + -8)) + 2
5
What is the value of -2 - -6 - 